o base 15
ba66
What is 4356 (base 12) in base 8?
16362
Convert e9 (base 16) to base 6.
1025
What is 133310 (base 4) in base 5?
31121
What is -302 (base 8) in base 13?
-11c
Convert 6a9 (base 16) to base 8.
3251
-1101101111011000 (base 2) to base 4
-31233120
202 (base 15) to base 12
318
-21200 (base 4) to base 11
-503
b273 (base 15) to base 14
da39
What is 37a (base 13) in base 14?
316
What is -971 (base 10) in base 4?
-33023
59 (base 10) to base 12
4b
-174 (base 11) to base 4
-3022
What is -6a26 (base 12) in base 2?
-10111000111110
Convert -67135 (base 8) to base 15.
-8588
Convert -1501 (base 6) to base 13.
-247
9947 (base 12) to base 9
25161
What is 1100001011 (base 2) in base 15?
36e
What is 9604 (base 10) in base 16?
2584
Convert -1010101 (base 3) to base 6.
-3444
Convert 3190 (base 16) to base 9.
18357
What is 1002222200 (base 3) in base 14?
7d77
-259 (base 16) to base 13
-373
-1330303 (base 5) to base 4
-12211021
715c (base 14) to base 7
110545
Convert a41 (base 12) to base 2.
10111010001
Convert -ce7 (base 16) to base 11.
-2533
2313 (base 13) to base 16
1335
Convert -41560 (base 9) to base 7.
-142656
What is -17b (base 16) in base 6?
-1431
Convert c74 (base 13) to base 12.
128b
Convert 12321 (base 5) to base 9.
1277
-11255 (base 7) to base 16
-b42
What is 1010010111 (base 2) in base 13?
3c0
1075 (base 13) to base 3
10010221
What is 3724 (base 8) in base 13?
bb2
What is 44112 (base 5) in base 2?
101111011000
-20 (base 14) to base 6
-44
131331 (base 4) to base 7
5406
1110001021 (base 3) to base 11
1a428
Convert -30f5 (base 16) to base 7.
-51353
What is 12202111 (base 3) in base 12?
251a
a31 (base 14) to base 4
133103
1316 (base 8) to base 12
4ba
-422 (base 10) to base 14
-222
3220 (base 4) to base 7
451
Convert -212310 (base 4) to base 2.
-100110110100
What is -4170 (base 15) in base 3?
-200222020
Convert 5666 (base 10) to base 8.
13042
1000100001 (base 2) to base 6
2305
What is -64b (base 12) in base 6?
-4135
Convert -2c31c (base 13) to base 9.
-137223
-6058 (base 11) to base 6
-101133
28c (base 14) to base 7
1335
What is -412 (base 7) in base 13?
-12a
6036 (base 13) to base 5
410402
What is -1361 (base 7) in base 15?
-258
What is 7b7 (base 16) in base 9?
2634
-11011001010110 (base 2) to base 13
-6440
d81b (base 14) to base 13
13c67
-51013 (base 6) to base 4
-1220301
What is 1794 (base 12) in base 14?
1076
What is 347 (base 16) in base 6?
3515
Convert 3341004 (base 5) to base 6.
1132331
c4c (base 16) to base 4
301030
-1986 (base 10) to base 13
-b9a
Convert -1022021 (base 3) to base 11.
-796
Convert 139a (base 11) to base 13.
a89
-1363 (base 10) to base 13
-80b
What is 3827 (base 9) in base 16?
b2c
-13102031 (base 4) to base 9
-44832
-126514 (base 8) to base 2
-1010110101001100
What is -240030 (base 5) in base 10?
-8765
Convert 12313 (base 4) to base 7.
1165
91a (base 11) to base 7
3144
Convert -876 (base 14) to base 4.
-122020
Convert 69 (base 14) to base 8.
135
Convert 423a3 (base 11) to base 6.
1153354
What is 1203231 (base 5) in base 6?
251152
2210002 (base 3) to base 13
bcc
What is 3031 (base 5) in base 6?
1451
Convert 5caf (base 16) to base 13.
aa52
What is a2 (base 12) in base 6?
322
-446 (base 7) to base 14
-126
What is -512 (base 10) in base 13?
-305
-71b (base 13) to base 8
-2267
123203 (base 4) to base 15
7c8
20221 (base 3) to base 4
2323
Convert -1001001100101 (base 2) to base 7.
-16505
Convert -3270 (base 10) to base 5.
-101040
What is 10120011212 (base 3) in base 15?
15b95
4383 (base 14) to base 15
36d9
-1693 (base 12) to base 4
-222033
Convert 111010010110000 (base 2) to base 13.
1079b
2bc (base 13) to base 6
2141
-69 (base 11) to base 7
-135
Convert -1101200 (base 3) to base 5.
-13032
-531 (base 9) to base 13
-274
-106633 (base 9) to base 5
-4021224
-135 (base 13) to base 6
-553
Convert -3040 (base 6) to base 10.
-672
What is -100011110000010 (base 2) in base 6?
-220430
Convert 1325 (base 11) to base 2.
11010111001
What is -1c98 (base 15) in base 4?
-1201022
151401 (base 6) to base 9
22041
Convert -80 (base 16) to base 13.
-9b
Convert 490 (base 10) to base 16.
1ea
What is -54 (base 8) in base 13?
-35
What is 8438 (base 14) in base 8?
54402
What is -61886 (base 11) in base 4?
-112001333
9231 (base 13) to base 15
5e86
Convert -321031 (base 4) to base 16.
-e4d
212 (base 12) to base 2
100101110
27158 (base 11) to base 13
14864
Convert 1313012 (base 4) to base 15.
23d2
485 (base 10) to base 5
3420
-1087 (base 12) to base 13
-aab
What is 10531 (base 8) in base 10?
4441
-2fd (base 16) to base 9
-1040
-6e7 (base 16) to base 4
-123213
What is -1101100001 (base 2) in base 5?
-11430
Convert -3706 (base 11) to base 12.
-297a
-6b4 (base 13) to base 9
-1530
-10100001000000 (base 2) to base 4
-2201000
Convert -e09 (base 16) to base 5.
-103333
What is -100003 (base 6) in base 12?
-4603
What is -21201212 (base 3) in base 14?
-20ab
12315 (base 7) to base 4
302232
What is 4568 (base 10) in base 14?
1944
Convert -11022 (base 3) to base 13.
-8c
Convert 22001 (base 4) to base 11.
533
461 (base 11) to base 12
39b
-6272 (base 12) to base 2
-10100111110110
Convert -26648 (base 13) to base 8.
-213322
Convert -3228 (base 13) to base 8.
-15463
2783 (base 9) to base 4
200310
What is 10112011111 (base 3) in base 9?
115144
Convert -625 (base 7) to base 4.
-10321
What is 143111 (base 7) in base 2?
110101101101001
10435 (base 12) to base 6
242505
What is -5543 (base 7) in base 15?
-8cb
Convert 301d (base 16) to base 4.
3000131
What is -12211020 (base 3) in base 2?
-1000010010101
What is 101100110011 (base 2) in base 4?
230303
-208 (base 12) to base 5
-2141
What is -1001110101101011 (base 2) in base 5?
-2242144
What is 11213 (base 7) in base 11?
2163
What is -1211002 (base 3) in base 16?
-52d
b133 (base 12) to base 8
45367
-699 (base 11) to base 4
-31002
Convert -10c8 (base 14) to base 13.
-1438
Convert -50631 (base 10) to base 16.
-c5c7
Convert -1032 (base 15) to base 4.
-311132
Convert 240214 (base 5) to base 9.
13067
What is -7235 (base 11) in base 15?
-2c9c
Convert -15a9 (base 12) to base 3.
-10112110
What is -1101101111101 (base 2) in base 11?
-5318
What is -204243 (base 5) in base 4?
-1222213
What is -1110123 (base 5) in base 11?
-13649
1022010 (base 3) to base 13
57c
What is b473 (base 13) in base 16?
6169
Convert 8513 (base 14) to base 3.
1011110222
Convert 1652 (base 14) to base 7.
14432
Convert 2013 (base 5) to base 15.
123
Convert -1100100011 (base 2) to base 14.
-415
Convert 53d (base 15) to base 10.
1183
What is 31d2 (base 14) in base 13?
3bc6
3d8 (base 14) to base 16
30a
What is 198c5 (base 15) in base 12?
40035
What is -1212212111 (base 3) in base 2?
-1001000011011100
-1000001001000001 (base 2) to base 3
-1200202000
Convert 1365 (base 7) to base 11.
449
Convert -5775 (base 10) to base 14.
-2167
What is -1104 (base 8) in base 9?
-714
Convert 16a (base 14) to base 15.
145
Convert 11cc (base 15) to base 8.
7320
What is -14136 (base 8) in base 10?
-6238
-21802 (base 9) to base 14
-53db
-1452 (base 6) to base 13
-242
What is -22420 (base 5) in base 15?
-725
-19910 (base 10) to base 11
-13a60
Convert -2101 (base 4) to base 7.
-265
What is 122130 (base 4) in base 2?
11010011100
3aa1 (base 11) to base 8
12302
101d (base 14) to base 11
209a
Convert -2d (base 14) to base 8.
-51
What is -3530 (base 12) in base 10?
-5940
Convert -61a5 (base 13) to base 10.
-13486
Convert 323 (base 10) to base 6.
1255
Convert -25450 (base 7) to base 15.
-1eed
-90be (base 15) to base 9
-45818
What is -6221 (base 7) in base 2?
-100001111011
What is -1100010010000 (base 2) in base 3?
-22121220
What is -250 (base 13) in base 8?
-623
83a2 (base 12) to base 15
43d8
What is 215 (base 12) in base 13?
1a6
What is -5c8 (base 14) in base 11?
-961
What is -30003 (base 6) in base 7?
-14226
Convert -1534 (base 7) to base 9.
-751
Convert -110000000 (base 3) to base 13.
-3c9c
Convert -1c3 (base 15) to base 2.
-110011000
-1240 (base 6) to base 14
-184
What is -2268 (base 12) in base 11?
-2967
Convert -1000e (base 16) to base 8.
-200016
1000011000 (base 2) to base 15
25b
31102 (base 4) to base 5
11400
Convert -210220012 (base 3) to base 16.
-3e5a
110201 (base 3) to base 9
421
Convert -1944 (base 12) to base 10.
-3076
What is -42201 (base 5) in base 8?
-5361
What is 24203 (base 5) in ba